-5*a - 2 + 57 = 0. What are the prime factors of a?
11
Let z(g) = 7*g + 2 - 1 + 5*g - 4. Let u be z(6). Suppose u = 3*f + 12. What are the prime factors of f?
19
Suppose 0 = -5*i + 15 - 0. Let t be i + -1 - (1 + 1). Suppose t = 3*l - 12, -2*n - n + 4*l = 4. List the prime factors of n.
2
Let z(q) be the third derivative of q**4/4 + 5*q**3/6 + 3*q**2. Let i be z(-4). Let h = -9 - i. What are the prime factors of h?
2, 5
List the prime factors of (-1*(-4 - 25))/1.
29
Let k be (35/4)/(2/24). Suppose k = 5*f - 5. What are the prime factors of f?
2, 11
Let w(d) be the first derivative of -d**2/2 + 3*d - 1. Let b be w(-7). Suppose -2*o - 3*x = -b, 13 = 5*o + 5*x - 7. What are the prime factors of o?
2
Let s(j) = j**2 - 2*j - 5. Let a be s(4). Suppose 24 = -a*c + 6*c. What are the prime factors of c?
2
Let h(k) = k**3 + 2*k**2 + 2*k + 3. Let y be h(-2). Let r(n) = 12*n**2 - n. What are the prime factors of r(y)?
13
Suppose -8*k - 84 = -10*k. What are the prime factors of k?
2, 3, 7
Suppose x + 4 = o - 0*o, -21 = -5*o + 4*x. Let c = -15 - -19. Suppose 0 = -c*q + 3*q - 2, u = -o*q - 1. What are the prime factors of u?
3
Let u(b) = b**3 - b**2 - 2*b + 37. What are the prime factors of u(0)?
37
Let n = 1 - -3. Let w be (-2)/n + (-1)/(-2). Suppose 4*g - 25 + 5 = w. List the prime factors of g.
5
Let p(l) = 7*l**2 - 3*l + 8. What are the prime factors of p(3)?
2, 31
Suppose 0 = 5*u + 2*a - 85, 3*a + 91 = 4*u - 0*u. List the prime factors of u.
19
Suppose -r - 26 = -3*r. Suppose z = i, -1 = 5*i + z - r. Suppose i*a + 4 = -v, v - 5*v - 4 = 4*a. What are the prime factors of v?
2
Suppose 5*j - 3 = 2*j. List the prime factors of (-4 - j)*4/(-10).
2
Suppose 5*c - 290 = -0*c. What are the prime factors of c?
2, 29
Let v(o) = 19*o. What are the prime factors of v(1)?
19
Let s(n) be the third derivative of -n**6/120 - n**5/5 - n**4/24 - 7*n**3/6 - 3*n**2. List the prime factors of s(-12).
5
Let i(y) = -y**2 - 9*y - 10. Let p be i(-7). Suppose -2*z = 2*l - 36, p*l = z - 0*l - 33. What are the prime factors of z/(-2)*2/(-3)?
7
Let k(x) = -x**3 - 6*x**2 - 7*x + 3. Let h be k(-6). Suppose n - 5*y = 13, 0 = -5*n + y + h + 20. List the prime factors of n.
13
Let f be (-1*(2 + -3))/1. Let k = 0 + f. Let b = 8 + k. List the prime factors of b.
3
Suppose 121 = 3*a - 2*w, -2*a + 2*w - 101 = -5*a. List the prime factors of a.
37
Suppose -3*k = -k + 4*n - 94, 3*k - 155 = n. List the prime factors of k.
3, 17
Let s(f) = f**2 - 2*f + 2. Let z be s(2). Suppose -z*i + 99 = i. List the prime factors of i.
3, 11
Let a(g) = 4*g. Let t be a(1). Suppose t*v + 5 - 21 = 0. Let q = v - -1. What are the prime factors of q?
5
Let k(b) = -b**3 - 2*b**2 + 2. List the prime factors of k(-2).
2
Let l(o) = -o - 3. Let g be l(-7). Let a(b) = b**2 + b - 2. What are the prime factors of a(g)?
2, 3
Let z(d) = -29*d - 3. What are the prime factors of z(-2)?
5, 11
Suppose -6*i = -3*i. Suppose -t + 7 = -i. What are the prime factors of t?
7
Let y = 66 + -21. What are the prime factors of y?
3, 5
Let q be -10 + 2/(2 + -3). Let b(h) = -2*h + 20. Let s be b(0). Let f = s + q. What are the prime factors of f?
2
Let p(b) = 2*b - 6*b + 17 + 3*b. List the prime factors of p(10).
7
Let h(q) = 9*q**2 + 1. What are the prime factors of h(2)?
37
Suppose 2*g - 1 = 5*c + 2, 2*g - 3*c - 5 = 0. Let o be (-1 - g/(-2)) + 9. List the prime factors of o*-1*3/(-6).
5
Suppose -5*z - 690 = -10*z. List the prime factors of z.
2, 3, 23
Let w = -110 - -254. What are the prime factors of w?
2, 3
Suppose 1721 = -13*v + 4711. What are the prime factors of v?
2, 5, 23
Suppose 5*t = -1 + 26. Suppose -b - 24 = -4*w, -12 = -5*w - t*b + 18. List the prime factors of w.
2, 3
Let o = 29 + -24. What are the prime factors of o?
5
Let m be -1 - 1/((-3)/9). What are the prime factors of 35/10 + 1/m?
2
Suppose -5*i + 62 = -88. List the prime factors of i.
2, 3, 5
Let j(v) = 9*v**2 + 7*v - 3. Let a(d) = -5*d**2 - 4*d + 2. Let q(l) = 7*a(l) + 4*j(l). List the prime factors of q(4).
2, 3
Suppose 336 = 3*f - 51. Let t be f/27 - 4/(-18). Suppose g + 40 = t*g. What are the prime factors of g?
2, 5
Let n be (10/3)/(8/12). Suppose -5*p = -5*z + 3*z + 39, 4*p + 89 = n*z. List the prime factors of z.
17
Let s = -3 + 3. List the prime factors of -5 - -13 - (s + -2).
2, 5
Suppose a + 5*f + 26 = 1, -3*f + 39 = -3*a. Let y = 18 + a. List the prime factors of y.
3
Let v = 23 + -38. Let m = 11 + v. List the prime factors of ((-6)/m)/(9/24).
2
List the prime factors of 27/6*(-20)/(-6).
3, 5
Let l = 409 + -238. List the prime factors of l.
3, 19
Let i(u) = -3*u + 13. List the prime factors of i(-9).
2, 5
Suppose 3*v - 328 = -4*j, j = 4*v - 3*j - 456. Suppose -l = 3*l - v. List the prime factors of l.
2, 7
Suppose 0 = 4*d - d - 12. Suppose d*f - 22 = 46. List the prime factors of f.
17
Suppose 0*j + 17 = 3*j + 4*y, 2*j = -5*y + 16. Suppose 0 = -j*d + d + 110. What are the prime factors of d?
5, 11
Let t(d) = -d + 1. Let b be t(-1). Suppose b*g + g - 33 = 0. List the prime factors of g.
11
Let b = 4 - 1. Suppose b*c - 8*c = 0. Suppose 4*a + a - 50 = c. List the prime factors of a.
2, 5
Suppose 0 = 5*p - 2*h - 69, 11 = p - 3*h + 4*h. What are the prime factors of p?
13
Let c = -6 - -12. Suppose c = 3*v - v. What are the prime factors of v?
3
Suppose 0 = -2*g + 7*g - 5. Let l = g - -1. What are the prime factors of l?
2
Suppose -12 = -2*n - 0*n. List the prime factors of (-106)/(-6) + (-4)/n.
17
Let v(p) = -p**3 - 6*p**2 - p - 4. Let b be v(-6). Suppose -g + 5*x + 8 = -0*g, 5*g + b*x = 94. List the prime factors of g.
2, 3
Let u(i) = i**3 + 9*i**2 + 6*i + 15. What are the prime factors of u(-7)?
71
Suppose 4*p - 651 = -4*w + 1017, -3*p = -9. List the prime factors of w.
2, 3, 23
Let k(z) = z + 1. Let v be k(3). Suppose 0*w + v*w - 20 = 0. What are the prime factors of w?
5
Let i be (-3)/(9/(-15)) - 2. What are the prime factors of 56/6*i/2?
2, 7
Suppose 0*w = 4*w - 104. Let h = w + -6. What are the prime factors of (14/8)/(5/h)?
7
Let c(d) = -d**3 - 9*d**2 + 11*d + 12. Let b be c(-10). Suppose 0*g + 60 = b*g. What are the prime factors of g?
2, 3, 5
Let z(v) = 8*v - 2. Let h be z(5). Suppose -2*s = 4*c - 60, -3*c - 2*s = -6*c + h. What are the prime factors of c?
2, 7
Let j = 55 + -17. List the prime factors of j.
2, 19
Let z(t) be the second derivative of t**4/12 - t**3/6 + t**2/2 + t. List the prime factors of z(3).
7
List the prime factors of (16 - (-2 + 6))/2.
2, 3
Suppose 3*i = 2*i + 10. Suppose -2*a = -a - i. What are the prime factors of a?
2, 5
Let t(r) = -r + 19. Let x = -6 + 6. What are the prime factors of t(x)?
19
Let w(t) = 63*t - 1. List the prime factors of w(1).
2, 31
Let a be ((-6)/3 - -7) + -3. List the prime factors of (-2205)/(-81) + a/(-9).
3
Suppose f = 2*f - 13. Let l = f - 0. What are the prime factors of l?
13
Let i be 1*1/((-3)/(-6)). Suppose 0 = -i*b + 2*s + 20, -5*s - 27 - 12 = -4*b. List the prime factors of b.
11
Suppose -56 = -5*b - 16. Suppose b*w - 9*w = -58. What are the prime factors of w?
2, 29
Suppose 80 = -2*k - 3*k. Let y(s) = 2*s**2 + 3*s - 1. Let d be y(3). Let u = d + k. What are the prime factors of u?
2, 5
Let z(u) = -u**3 + 9*u**2 - 5*u + 18. List the prime factors of z(8).
2, 3, 7
Suppose 2*o - 111 = -2*o + 3*z, 2*z = -4*o + 106. List the prime factors of o.
3
Suppose -4*t = 2*i - 18, 0 = t + i - 3 - 1. Suppose 3*c = 3, 5*p - 13 = 4*c - 2*c. Suppose -4*l = -20, -t*j + p*l + 4 = -6. List the prime factors of j.
5
Suppose 9 = -3*m, -3*r - 5*m = -3*m - 435. What are the prime factors of r?
3, 7
Let a = -16 - -30. Suppose l + 44 = 3*v, -v + 4*v + 5*l = a. List the prime factors of 4/10 - v/(-5).
3
Suppose 0*j + 4*j = 0. Suppose -z + 3 = -j*z. What are the prime factors of z?
3
Let l(d) = d - 4. Let u be l(6). Suppose -2 = -u*r + r. Suppose -3*f + r = -28. List the prime factors of f.
2, 5
Let u(n) = -n**2 - 4*n - 6. Let v be u(-4). Let t = v - -5. Let z(b) = 5*b**2 + b. List the prime factors of z(t).
2
Let b(v) = 5*v**3 - v**2 + 1. Let o be b(-1). Let x(n) = n**3 + 6*n**2 - 5. Let u be x(o). Suppose -w = w - u. List the prime factors of w.
2, 5
Suppose -3*o = 1 - 7. Suppose -2*m + 21 = 3*d, -o*m - 9 = -5*d + 10. What are the prime factors of (m + -4)*1*-3?
3
Suppose 4 = u - 0. Let k = u - 3. List the prime factors 